er when 1516 is divided by k?
284
Let g(v) = -v**3 - 3*v**2 + 5*v + 4. Let t be g(-4). Let y(b) = 4*b + 52. Let o be y(t). Suppose 413 + o = 5*p. What is the remainder when p is divided by 24?
21
Suppose l = 1 - 3, 0 = -3*u - 2*l - 109. Let g = u - -73. Suppose -g = -m - m. Calculate the remainder when 111 is divided by m.
16
Suppose -2*q - 32*q + 16*q + 61596 = 0. Calculate the remainder when q is divided by 213.
14
Let d be (((-1850)/(-4))/(-5))/((-5)/(-10)). Let t = 125 + d. Let u = t + 75. Calculate the remainder when 89 is divided by u.
14
Suppose -20481 = -387*n + 3126. Let v = -1 - -1. Let q = v + 16. Calculate the remainder when n is divided by q.
13
Let h = -28 - -31. Let v = 81 - 77. Suppose -r = -b - 11, v*r = -r + h*b + 51. What is the remainder when 14 is divided by r?
5
Let s = 4023 + -3738. What is the remainder when s is divided by 26?
25
Let m(y) = -y**3 - 6*y**2 - 8*y - 4. Let i be m(-4). Let z be (-3 - i)/((-2)/(-18)) - -3. Calculate the remainder when 7 is divided by 17/6 - (-2)/z.
1
Let v(i) = -i**2 + 9*i - 1. Let z be (-2)/5*(-4 - 46). Suppose -10*m + z*m - 50 = 0. Calculate the remainder when v(6) is divided by m.
2
Suppose -19 = -5*p - 9. Suppose -2*u = 5*b - 3*u - 196, -p*u = -4*b + 158. What is the remainder when b is divided by 17?
5
Let f = 567 - 1319. Let q = 769 + f. What is the remainder when 811 is divided by q?
12
Suppose -1441*x - 1028*x + 100710 = -604*x. Let i(c) = -c + 76. What is the remainder when i(0) is divided by x?
22
Let u(k) = k**2 - 37*k - 76. Let g be u(39). Suppose -20*q = -23*q - 5*z + 233, -g*q - 4*z = -154. Calculate the remainder when q is divided by 18.
9
Let d = 893 + -853. Suppose -9*x - 3*a = -8*x - d, 5*x = -2*a + 135. Calculate the remainder when 123 is divided by x.
23
Let m(n) = -3*n. Suppose 2*o + 3*v = 37, -4*v + 40 = 31*o - 29*o. What is the remainder when o is divided by m(-1)?
2
Suppose 4*v = 38 + 22. Suppose -v = -c + 3*d, -2*c + c = 3*d - 3. Calculate the remainder when ((-65)/(-6) - 3)*(-24)/(-4) is divided by c.
2
Calculate the remainder when 781 + -4*418/88 is divided by 107.
13
Let t = 53 + -50. Suppose 3*m + 3*i = 0, 5*m - 6*m - t*i = 0. Suppose 2*b = -m*b + 36. Calculate the remainder when 50 is divided by b.
14
Let a = 1521 - 1480. Let i be (4 - (-2 + 2)) + 0. Suppose -5*n - 5*h = -100, i*n - 8*h + 3*h - 35 = 0. What is the remainder when a is divided by n?
11
Let k(w) = 10*w + 4*w + 15*w + w**2 + 30 - 39*w. Let s be ((-8)/(-5))/(2/10). Calculate the remainder when k(s) is divided by 10.
4
Let v(y) = 116*y - 3. Let g(o) = o**3 + 9*o**2 + 9*o + 3. Calculate the remainder when v(1) is divided by g(-6).
56
Let h = 3561 - 3541. What is the remainder when 166 is divided by h?
6
Suppose -3*i - 98 = -2*x + i, 3*x + 2*i - 163 = 0. Let g(k) = k + 18*k - x - 3*k. Calculate the remainder when g(5) is divided by 4.
3
Let u = 31 - 28. What is the remainder when u + ((-146)/4)/((-2)/4) is divided by 14?
6
Let p(a) = a**3 - 17*a**2 - 44*a + 3. Let q be p(18). Let n = q + 515. What is the remainder when n is divided by 13?
11
Suppose -3*m - 228 - 3 = -3*w, 5*m = -2*w + 140. Calculate the remainder when w is divided by 40/(-6)*120/(-50).
11
Let h = 499 - 491. Let n be -4 - -9 - (0 - 1). Calculate the remainder when 15*-1*n/(-2) is divided by h.
5
Calculate the remainder when 2698/3 - (-3 - -1)/(-9 - -12) is divided by 113.
109
Let j = 15 - 2. Calculate the remainder when 97 - ((-35)/(-350) - 33/30) is divided by j.
7
Let w = 226 - 165. Suppose -12*j + 1645 = w. Calculate the remainder when j is divided by 19.
18
Suppose 3*c - 6 = 0, l + 3*c - 68 = 211. Let s = l + -263. What is the remainder when 209 is divided by s?
9
Calculate the remainder when 315 is divided by ((-5)/(-40)*110)/(9/36).
40
Suppose -11 = c + v + 3*v, -2*v - 6 = 0. Calculate the remainder when c*250*(7/(-14) + 1) is divided by 35.
20
Suppose 71*i - 490 = 36*i. What is the remainder when (13 - 1)*(-54)/(-8) is divided by i?
11
Suppose -4*a + 5*z = -545, 3*a - 2*z + 268 = 5*a. Let r(y) = 4*y + 74. Let j be r(-8). Let q = j - -4. Calculate the remainder when a is divided by q.
43
Let t(d) = 2*d**3 + 52*d**2 - 111*d + 37. Calculate the remainder when 2167 is divided by t(-28).
7
Suppose -h = -3*c + 3, -5*c - 5*h = 8 - 33. Suppose -5*m = q - 25, 27 = c*q - 4*m - 9. What is the remainder when q is divided by (-29)/(-2) - 3/6?
6
Let c(d) = d + 24. Suppose 4*v + 4*k = 1626 - 122, 753 = 2*v + k. Calculate the remainder when v is divided by c(-4).
17
Let g = 206 - 56. Calculate the remainder when (7 - 1) + (-4 - 1) + g is divided by 79.
72
Let y(c) = -7*c**3 - 154*c**2 - 10*c - 159. Calculate the remainder when 763 is divided by y(-22).
31
Calculate the remainder when ((-21956)/56 - 3/7)*138/(-115) is divided by 117.
3
Let m(a) = -15*a**3 + 2*a**2 + 2*a + 1. Let h = 12726 + -12631. Calculate the remainder when h is divided by m(-1).
15
Let r = -3496 + 3508. Let a be ((-135)/20)/(6/16). Let p = 25 + a. Calculate the remainder when r is divided by p.
5
Let r(b) = -b**3 - 7*b**2 + 16*b + 116. Let a = 17 + -15. Calculate the remainder when a - (1 - 2) - -12 is divided by r(-7).
3
Suppose 26*g = z + 28*g + 5, -9*g = 54. What is the remainder when 1273 is divided by z?
6
Suppose -11*m + 384 = m. Let h = -29 + m. Let t = 11 - h. What is the remainder when 38 is divided by t?
6
Let u = 77 - 91. What is the remainder when 1164/84 + (-2)/u is divided by 3?
2
What is the remainder when 1595 is divided by (2/11)/2 - (-133229)/3179?
41
Let h(r) = -r**3 + 4*r**2 + 9*r - 8. What is the remainder when 813 is divided by h(5)?
9
Let i(x) = x**3 - 9*x**2 - 33*x - 31. Let n = 20 + 4. Calculate the remainder when n is divided by i(12).
4
Let o(s) = 6*s**3 + s**2 + 2*s - 3. Let f be o(1). Let b(a) = -4*a**2 + 35*a - 11. Calculate the remainder when 382 is divided by b(f).
52
Suppose 0 = 3*d - 5*u + 5, 4*d + 4*u + u - 40 = 0. Let z(r) = -19*r - 3. Let m be z(-4). Suppose d = -2*f + m. What is the remainder when f is divided by 10?
4
Suppose 9*u = 4*u + 20. Suppose -4*p + u*b - 148 = 0, 55 = -p - 0*p - 5*b. Let a = -35 - p. Calculate the remainder when 5 is divided by a.
0
Suppose 27*g + 2480 - 6300 - 11948 = 0. What is the remainder when g is divided by 26?
12
Let d(b) = -2*b**2 + 23*b - 7. Let o(v) = v**2 - 20*v + 20. Let h be o(20). Suppose -2*n + 0*n = -h. Calculate the remainder when d(n) is divided by 15.
8
Suppose 0 = 7*a - 6*a - 7. What is the remainder when 166 is divided by (-3)/7 - (-171)/a?
22
Let o(b) = -179*b - 1003. Calculate the remainder when o(-7) is divided by 113.
24
Suppose 492*u - 766*u + 3836 = 0. Calculate the remainder when 413 is divided by u.
7
Let p = 1704 - 1608. Calculate the remainder when 136 is divided by p.
40
Let c = -7818 - -7827. What is the remainder when 249*(3 + -4 + 2) is divided by c?
6
Suppose 0 = -5*o + 2734 - 1390 + 3876. What is the remainder when o is divided by 35?
29
Let y(a) = -4*a**2 - 264*a - 651. What is the remainder when 328 is divided by y(-63)?
13
Let p(u) = -6*u + 13. Let k be p(-10). Let i = k + -70. Suppose 5*n = -i*y + 3*n + 81, 5*y - 3*n = 154. What is the remainder when y is divided by 10?
9
Suppose 0 = -2*w + 9 - 51. Let l(c) = -42*c - 291. Calculate the remainder when l(w) is divided by 16.
15
Let l = 66 + -109. Let j = l + 45. Suppose j*t - 23 = -3. What is the remainder when 37 is divided by t?
7
Let s(g) = -2*g - 11. Let a = 31 - 37. Let u be s(a). Suppose -4*v - l = -53, 2*v = 4*l + u + 3. What is the remainder when v is divided by 11?
1
Let v(x) = -183*x - 5527. What is the remainder when 426 is divided by v(-31)?
134
Suppose 5*v = 5*i + 90, -5*i + 2 = -3*v + 98. What is the remainder when (((-10)/(-4))/(-5))/(i/6930) is divided by 28?
25
Let a = 1447 + -1416. What is the remainder when 429 is divided by a?
26
Let a(p) = 1017*p + 24. Let y be a(-7). Calculate the remainder when (-1)/(-2) - y/30 is divided by 48.
45
Let u(d) = 3*d**2 + 4*d - 2. Let r(h) = 6*h**2 + 7*h - 6. Let w(t) = -6*r(t) + 14*u(t). Calculate the remainder when w(-4) is divided by 10.
8
Suppose g = 4308 + 4880. What is the remainder when g/(-88)*-2 - 4/(-22) is divided by 74?
61
Let y = -6284 - -6860. Calculate the remainder when y is divided by 65.
56
Let z be 0/(10/((-25)/5)) + 2339. Calculate the remainder w